3
What is the highest common factor of 902 and 452394?
82
What is the highest common factor of 48 and 23500626?
6
What is the highest common factor of 100 and 17642600?
100
What is the highest common factor of 37650 and 927445?
1255
Calculate the highest common divisor of 173781608 and 2002.
2002
Calculate the greatest common divisor of 150 and 23975.
25
What is the highest common factor of 154 and 37663682?
14
What is the highest common factor of 816 and 105401040?
48
What is the greatest common divisor of 1315 and 64815?
5
What is the greatest common factor of 76047820 and 160?
20
Calculate the greatest common factor of 7799845 and 5.
5
What is the greatest common factor of 57156 and 2034234?
2598
Calculate the greatest common factor of 1763 and 17998.
1
Calculate the highest common factor of 18171 and 245835.
27
What is the highest common factor of 194549 and 771?
257
What is the highest common factor of 119214 and 6757236?
666
Calculate the highest common factor of 1939 and 13119551.
277
What is the greatest common divisor of 26429202 and 873?
873
Calculate the greatest common factor of 53961666 and 804.
402
Calculate the greatest common divisor of 54824 and 13251032.
712
Calculate the greatest common factor of 967400 and 5600.
1400
What is the greatest common divisor of 334259 and 30199?
23
Calculate the highest common factor of 295 and 10091065.
295
Calculate the greatest common factor of 487020 and 13740.
60
Calculate the greatest common factor of 17861 and 76691.
53
Calculate the highest common divisor of 28980 and 48187300.
3220
Calculate the greatest common factor of 2611649 and 2896.
181
Calculate the greatest common divisor of 12992 and 442148.
28
Calculate the highest common factor of 240300372 and 2470.
494
Calculate the greatest common divisor of 1277431 and 144293.
461
What is the highest common divisor of 1581 and 1080843?
51
What is the highest common divisor of 90976940 and 1085?
155
What is the greatest common factor of 2004 and 1692816?
12
What is the greatest common divisor of 26858 and 3605170?
2066
What is the greatest common divisor of 13467748 and 14?
14
Calculate the highest common divisor of 6687 and 17906300.
743
Calculate the greatest common factor of 990 and 3349710.
90
What is the highest common factor of 18142 and 24158?
94
What is the greatest common factor of 294 and 2168790?
6
Calculate the highest common factor of 693232 and 88.
8
Calculate the greatest common factor of 18179910 and 15330.
210
Calculate the highest common factor of 770438 and 47216.
454
What is the greatest common factor of 90 and 416199210?
30
Calculate the highest common factor of 522491 and 1633.
23
What is the highest common divisor of 7629596 and 59644?
1612
What is the greatest common factor of 59609251 and 247?
247
What is the greatest common factor of 154 and 740325047?
77
What is the greatest common factor of 56160 and 2909920?
2080
What is the greatest common factor of 3342232 and 8496?
472
Calculate the greatest common factor of 2800206 and 4113.
9
Calculate the highest common factor of 172 and 11318288.
172
What is the greatest common divisor of 192844036 and 616?
308
What is the greatest common divisor of 3451 and 140865876?
493
Calculate the highest common factor of 112 and 2222636584.
56
Calculate the highest common factor of 665 and 246561119.
133
What is the highest common divisor of 11272 and 3418786328?
11272
Calculate the greatest common divisor of 11175995 and 5.
5
Calculate the greatest common divisor of 158287 and 459.
17
What is the greatest common factor of 794 and 63781226?
794
Calculate the highest common factor of 259841817 and 108.
27
What is the greatest common divisor of 459765 and 40035?
255
What is the greatest common factor of 88545415 and 175?
35
What is the greatest common divisor of 15 and 75021475?
5
What is the greatest common divisor of 1244673710 and 740?
370
Calculate the greatest common divisor of 112 and 62775202.
14
What is the greatest common factor of 31719 and 3629643?
291
Calculate the highest common factor of 1265309 and 584.
73
Calculate the greatest common divisor of 186 and 8263546.
62
What is the greatest common divisor of 8825196 and 570?
114
Calculate the greatest common factor of 142804 and 10469.
19
Calculate the greatest common factor of 6664 and 245392.
392
Calculate the highest common divisor of 3347732 and 1096.
548
What is the greatest common divisor of 6237 and 29471904?
2079
What is the highest common factor of 731700 and 450300?
300
Calculate the greatest common factor of 23453312 and 1681.
1681
What is the highest common divisor of 2825 and 4330160?
565
Calculate the highest common divisor of 781713 and 9765.
9
Calculate the greatest common divisor of 19815982 and 102.
34
Calculate the greatest common divisor of 22392588 and 24.
12
What is the highest common factor of 63155 and 6205?
85
What is the highest common divisor of 1049568 and 68672?
928
What is the greatest common divisor of 3774 and 253438567?
629
What is the greatest common divisor of 116393 and 291713?
487
Calculate the highest common divisor of 231468 and 228.
12
What is the highest common factor of 115568200 and 131?
131
Calculate the highest common divisor of 806102 and 4598.
242
What is the greatest common divisor of 1595 and 6848215?
55
What is the highest common divisor of 107 and 5115349?
107
Calculate the highest common divisor of 109083772 and 126.
14
Calculate the greatest common divisor of 1436 and 29474259.
359
Calculate the highest common factor of 4433380 and 448.
28
Calculate the greatest common factor of 1006 and 74674877.
503
What is the highest common factor of 220942 and 147986?
122
What is the greatest common divisor of 259563480 and 1032?
1032
What is the greatest common factor of 1379330 and 1510?
10
Calculate the greatest common divisor of 80440 and 1915.
5
What is the highest common divisor of 566 and 136871818?
566
What is the greatest common factor of 933717 and 12825?
57
Calculate the greatest common factor of 30 and 98885310.
30
What is the greatest common divisor of 3086367 and 2617269?
3723
What is the highest common factor of 6664 and 476544?
136
What is the highest common factor of 212696042 and 2392?
598
Calculate the highest common divisor of 729 and 14465547.
729
Calculate the greatest common divisor of 3049 and 488196733.
3049
What is the greatest common factor of 162 and 5886?
54
What is the greatest common factor of 4240 and 145306920?
2120
What is the greatest common factor of 33579 and 196811316?
4797
Calculate the greatest common factor of 99567 and 129996.
207
What is the greatest common factor of 9 and 3380904?
9
Calculate the greatest common divisor of 1041 and 125786112.
1041
Calculate the greatest common factor of 29826 and 303161406.
9942
Calculate the highest common factor of 5012 and 161040572.
5012
Calculate the greatest common divisor of 52875 and 13815.
45
Calculate the highest common factor of 20089286 and 203.
203
Calculate the highest common factor of 227201 and 169.
13
Calculate the highest common divisor of 3464991 and 2754.
459
Calculate the highest common divisor of 5550 and 52235490.
1110
Calculate the greatest common divisor of 6185932 and 3509.
29
Calculate the greatest common divisor of 36354107 and 20734.
1481
What is the highest common factor of 252755 and 7145?
5
What is the highest common divisor of 108 and 12656016?
36
Calculate the greatest common factor of 366 and 253284.
6
What is the greatest common divisor of 750 and 2027625?
375
Calculate the highest common divisor of 15106850 and 22.
22
Calculate the greatest common factor of 21 and 235886.
7
Calculate the greatest common factor of 474775 and 30450.
175
Calculate the highest common divisor of 190 and 35963428.
38
Calculate the greatest common divisor of 119198 and 2530764.
214
Calculate the greatest common divisor of 2335072 and 1472.
32
What is the greatest common factor of 41844187 and 4466?
2233
Calculate the highest common divisor of 1338008 and 26488.
56
Calculate the highest common factor of 12604763 and 29.
29
Calculate the greatest common factor of 9180 and 35094060.
540
Calculate the greatest common factor of 14 and 33280198.
14
Calculate the greatest common factor of 388404